mmon divisor of 2712 and 15707?
113
What is the highest common divisor of 2249 and 687502?
173
What is the greatest common divisor of 1803731 and 9704?
1213
Calculate the greatest common factor of 20 and 135580.
20
What is the highest common divisor of 72 and 1090998?
18
Calculate the highest common divisor of 1535994 and 18.
18
Calculate the highest common divisor of 1751 and 119663.
17
Calculate the greatest common factor of 2772 and 75306.
462
What is the greatest common factor of 76 and 19532?
76
Calculate the greatest common factor of 11112 and 4386.
6
What is the highest common factor of 33 and 301081?
11
Calculate the highest common factor of 36733 and 17113.
109
Calculate the highest common divisor of 168 and 87.
3
Calculate the greatest common divisor of 758 and 688.
2
Calculate the greatest common factor of 454795 and 55.
55
What is the highest common factor of 167728 and 44?
44
Calculate the highest common factor of 47336 and 6402.
194
Calculate the highest common factor of 39936 and 286.
26
Calculate the greatest common divisor of 6232 and 7277.
19
Calculate the highest common divisor of 735008 and 6180.
412
What is the highest common factor of 567 and 3996?
27
Calculate the greatest common factor of 8990 and 1711.
29
Calculate the highest common factor of 516 and 352600.
172
Calculate the highest common factor of 29796 and 1176.
12
What is the greatest common factor of 5532 and 2127?
3
Calculate the greatest common divisor of 2451950 and 95.
95
What is the highest common divisor of 4144660 and 152?
76
Calculate the highest common divisor of 24 and 118284.
12
Calculate the greatest common divisor of 500 and 1356.
4
Calculate the greatest common factor of 792733 and 83.
83
Calculate the highest common factor of 275604 and 7854.
714
Calculate the greatest common divisor of 69916 and 22.
22
What is the highest common factor of 1758 and 422?
2
Calculate the highest common factor of 7488 and 30.
6
What is the highest common divisor of 111720 and 3780?
420
Calculate the greatest common factor of 425 and 2120.
5
What is the highest common factor of 10719 and 7543?
397
Calculate the highest common factor of 304 and 459984.
16
Calculate the highest common divisor of 504 and 840.
168
What is the greatest common divisor of 73305 and 232585?
905
What is the highest common factor of 276616 and 487?
487
What is the greatest common factor of 10140 and 15964?
52
What is the greatest common divisor of 359370 and 1080?
270
What is the greatest common divisor of 15249 and 1088958?
897
What is the greatest common divisor of 251598 and 570?
114
What is the highest common factor of 2128 and 5168?
304
What is the greatest common factor of 95 and 4890334?
19
Calculate the greatest common divisor of 160 and 435.
5
What is the greatest common factor of 91 and 3019029?
13
What is the greatest common factor of 1632 and 23732?
68
Calculate the greatest common factor of 200332 and 75284.
1276
Calculate the greatest common divisor of 10101 and 10647.
273
What is the greatest common factor of 26935 and 10?
5
What is the highest common factor of 22058 and 1230?
82
Calculate the highest common factor of 742719 and 174.
87
Calculate the greatest common factor of 3976 and 3192.
56
Calculate the highest common factor of 57361 and 19.
19
Calculate the highest common divisor of 64332 and 36.
36
Calculate the greatest common divisor of 1702 and 222.
74
What is the highest common factor of 272 and 58259?
17
What is the highest common divisor of 10999 and 1802?
17
Calculate the highest common divisor of 2414 and 170.
34
What is the greatest common factor of 30 and 736086?
6
What is the highest common factor of 2984 and 112?
8
Calculate the greatest common factor of 8440 and 2520.
40
What is the greatest common divisor of 130536 and 1224?
72
What is the highest common divisor of 1183 and 67613?
91
Calculate the highest common divisor of 648 and 27992.
8
What is the greatest common divisor of 13 and 10184811?
13
What is the greatest common factor of 208113 and 6?
3
Calculate the greatest common factor of 3596 and 5104.
116
What is the greatest common divisor of 4968 and 171?
9
What is the highest common factor of 3576944 and 4360?
872
Calculate the greatest common factor of 120 and 2481720.
120
Calculate the highest common factor of 15 and 20065.
5
What is the greatest common factor of 40500 and 54?
54
Calculate the highest common divisor of 24 and 77676.
12
What is the greatest common divisor of 298614 and 628?
314
What is the greatest common divisor of 128100 and 3948?
84
Calculate the highest common factor of 52026 and 7482.
174
What is the highest common factor of 132 and 115940?
44
Calculate the greatest common divisor of 29193 and 2886.
111
What is the highest common divisor of 473 and 451?
11
What is the highest common divisor of 1209571 and 11?
11
Calculate the greatest common divisor of 873 and 1503.
9
What is the greatest common factor of 22372 and 21?
7
What is the highest common divisor of 6 and 449391?
3
Calculate the highest common divisor of 1612570 and 94.
94
Calculate the highest common factor of 12 and 1551486.
6
Calculate the highest common divisor of 879168 and 342.
114
Calculate the greatest common factor of 25135 and 1045.
55
What is the greatest common divisor of 20935 and 71020?
265
What is the greatest common divisor of 28072 and 3944?
232
What is the greatest common factor of 129 and 88709?
43
What is the greatest common factor of 3770 and 598?
26
Calculate the greatest common divisor of 12529 and 43483.
737
What is the highest common factor of 35 and 2855?
5
What is the greatest common factor of 5346 and 21582?
198
Calculate the highest common divisor of 1840728 and 36.
12
What is the highest common divisor of 659 and 2390193?
659
Calculate the highest common divisor of 216619 and 247.
247
What is the greatest common factor of 3326126 and 232?
58
Calculate the highest common factor of 13042 and 4.
2
Calculate the greatest common factor of 32 and 27856.
16
What is the highest common factor of 1278 and 127161?
639
What is the highest common divisor of 571824 and 880?
176
What is the highest common factor of 30 and 2120?
10
Calculate the greatest common divisor of 561 and 202026.
33
Calculate the highest common factor of 94394 and 436.
218
What is the highest common factor of 33 and 34683?
33
What is the greatest common divisor of 156 and 7722?
78
What is the greatest common divisor of 3390 and 570?
30
Calculate the highest common divisor of 255 and 142715.
85
Calculate the highest common divisor of 2483 and 7748.
13
What is the greatest common divisor of 56 and 3836392?
56
Calculate the highest common divisor of 3700506 and 1398.
1398
What is the highest common divisor of 50000 and 1200?
400
Calculate the highest common factor of 770 and 15070.
110
What is the highest common factor of 72596 and 28?
4
What is the highest common divisor of 14 and 17957?
1
What is the greatest common factor of 39 and 970489?
13
Calculate the highest common divisor of 32564 and 714082.
2326
What is the greatest common factor of 597 and 297?
3
What is the greatest common factor of 549 and 2257?
61
Calculate the highest common factor of 5253 and 58607.
103
Calculate the highest common divisor of 476970 and 30.
30
What is the highest common factor of 1056 and 34656?
96
Calculate the highest common factor of 105 and 321790.
35
What is the greatest common factor of 3537 and 2619?
27
Calculate the highest common divisor of 7267 and 34645.
169
Calculate the highest common divisor of 64186 and 6.
2
Calculate the highest common factor of 2433768 and 1104.
552
What is the highest common divisor of 13532395 and 115?
115
Calculate the highest common divisor of 31413 and 1665.
111
Calculate the highest common factor of 2622 and 10982.
38
What is the highest common factor of 28 and 459788?
28
Calculate the greatest common factor of 59039 and 473.
43
Calculate the highest common divisor of 10 and 975390.
10
Calculate the greatest common divisor of 160 and 268960.
160
What is the highest common factor of 123032 and 140?
28
Calculate the highest common divisor of 1009 and 418735.
1009
Calculate the greatest common factor of 1284 and 1068.
12
What is the greatest common divisor of 52